it of 783938?
8
What is the hundreds digit of 2808507?
5
What is the tens digit of 7216731?
3
What is the hundreds digit of 9938359?
3
What is the hundred thousands digit of 268513?
2
What is the hundred thousands digit of 11079527?
0
What is the hundreds digit of 6622047?
0
What is the units digit of 1263666?
6
What is the hundred thousands digit of 737949?
7
What is the hundreds digit of 183317?
3
What is the hundred thousands digit of 361782?
3
What is the hundred thousands digit of 935411?
9
What is the millions digit of 4511358?
4
What is the hundreds digit of 717320?
3
What is the tens digit of 8078311?
1
What is the units digit of 4031308?
8
What is the ten thousands digit of 259501?
5
What is the units digit of 1037179?
9
What is the units digit of 153422?
2
What is the thousands digit of 209196?
9
What is the tens digit of 1684549?
4
What is the hundreds digit of 680301?
3
What is the thousands digit of 1668548?
8
What is the hundred thousands digit of 1254002?
2
What is the ten thousands digit of 17861?
1
What is the ten thousands digit of 2534039?
3
What is the hundreds digit of 529980?
9
What is the millions digit of 4170826?
4
What is the hundreds digit of 184087?
0
What is the millions digit of 1582030?
1
What is the hundreds digit of 1040993?
9
What is the hundred thousands digit of 1043736?
0
What is the millions digit of 4233458?
4
What is the hundreds digit of 2463351?
3
What is the hundreds digit of 289465?
4
What is the ten thousands digit of 1170945?
7
What is the hundreds digit of 987336?
3
What is the thousands digit of 4257730?
7
What is the hundred thousands digit of 632657?
6
What is the hundred thousands digit of 333127?
3
What is the thousands digit of 195570?
5
What is the tens digit of 3847995?
9
What is the ten thousands digit of 117884?
1
What is the thousands digit of 219477?
9
What is the ten millions digit of 15519405?
1
What is the hundred thousands digit of 1762668?
7
What is the millions digit of 15565798?
5
What is the thousands digit of 8488704?
8
What is the ten thousands digit of 38768703?
6
What is the hundreds digit of 706956?
9
What is the ten thousands digit of 94735?
9
What is the thousands digit of 78684?
8
What is the hundred thousands digit of 9614518?
6
What is the units digit of 23972?
2
What is the thousands digit of 25948276?
8
What is the millions digit of 14838069?
4
What is the hundreds digit of 188795?
7
What is the hundred thousands digit of 6560420?
5
What is the tens digit of 1636944?
4
What is the units digit of 1420115?
5
What is the units digit of 154285?
5
What is the hundred thousands digit of 583267?
5
What is the hundred thousands digit of 459445?
4
What is the ten thousands digit of 11716065?
1
What is the hundred thousands digit of 7454893?
4
What is the tens digit of 137156?
5
What is the thousands digit of 102319?
2
What is the millions digit of 14638629?
4
What is the thousands digit of 2226122?
6
What is the ten thousands digit of 603194?
0
What is the units digit of 249238?
8
What is the tens digit of 1007219?
1
What is the units digit of 367755?
5
What is the ten thousands digit of 530696?
3
What is the tens digit of 13889653?
5
What is the millions digit of 2589790?
2
What is the hundred thousands digit of 9729538?
7
What is the tens digit of 216017?
1
What is the ten thousands digit of 12466216?
6
What is the hundreds digit of 2997932?
9
What is the units digit of 200096?
6
What is the millions digit of 12913279?
2
What is the tens digit of 3960429?
2
What is the hundred thousands digit of 382961?
3
What is the ten thousands digit of 633049?
3
What is the thousands digit of 2035343?
5
What is the ten thousands digit of 53942?
5
What is the hundreds digit of 22730850?
8
What is the hundred thousands digit of 221722?
2
What is the millions digit of 10009523?
0
What is the ten thousands digit of 26620?
2
What is the hundreds digit of 12009322?
3
What is the hundred thousands digit of 703742?
7
What is the millions digit of 4039749?
4
What is the ten millions digit of 12150101?
1
What is the millions digit of 2989471?
2
What is the thousands digit of 123114?
3
What is the millions digit of 5083786?
5
What is the units digit of 532?
2
What is the hundreds digit of 72968?
9
What is the ten thousands digit of 1191229?
9
What is the ten thousands digit of 451828?
5
What is the hundred thousands digit of 234528?
2
What is the units digit of 1400697?
7
What is the hundred thousands digit of 35280042?
2
What is the hundred thousands digit of 5181092?
1
What is the thousands digit of 3964590?
4
What is the thousands digit of 1977030?
7
What is the hundreds digit of 183121?
1
What is the tens digit of 100399?
9
What is the tens digit of 543247?
4
What is the ten thousands digit of 255871?
5
What is the thousands digit of 24229411?
9
What is the units digit of 144586?
6
What is the ten thousands digit of 228147?
2
What is the tens digit of 2207925?
2
What is the thousands digit of 245400?
5
What is the hundreds digit of 7437188?
1
What is the hundred thousands digit of 1142169?
1
What is the hundreds digit of 12255299?
2
What is the hundreds digit of 113166?
1
What is the hundreds digit of 851416?
4
What is the ten thousands digit of 15524388?
2
What is the units digit of 68448?
8
What is the hundreds digit of 1043429?
4
What is the ten thousands digit of 4424938?
2
What is the hundreds digit of 9882736?
7
What is the units digit of 110674?
4
What is the hundreds digit of 16347?
3
What is the hundreds digit of 1177053?
0
What is the ten thousands digit of 3446227?
4
What is the hundred thousands digit of 258937?
2
What is the thousands digit of 250306?
0
What is the hundreds digit of 794622?
6
What is the thousands digit of 620103?
0
What is the ten thousands digit of 771192?
7
What is the hundreds digit of 81600?
6
What is the tens digit of 828143?
4
What is the hundreds digit of 27917725?
7
What is the units digit of 43191?
1
What is the ten thousands digit of 1393793?
9
What is the hundreds digit of 18472749?
7
What is the hundred thousands digit of 797573?
7
What is the hundred thousands digit of 902424?
9
What is the millions digit of 2223098?
2
What is the ten thousands digit of 656741?
5
What is the hundreds digit of 34335?
3
What is the tens digit of 2426104?
0
What is the millions digit of 6102216?
6
What is the tens digit of 2196779?
7
What is the tens digit of 359658?
5
What is the ten millions digit of 13026173?
1
What is the tens digit of 4843932?
3
What is the millions digit of 6455605?
6
What is the units digit of 2626663?
3
What is the ten thousands digit of 8612383?
1
What is the tens digit of 134121?
2
What is the units digit of 106270?
0
What is the tens digit of 22333178?
7
What is the ten thousands digit of 143679?
4
What is the units digit of 8013?
3
What is the ten thousands digit of 29882817?
8
What is the millions digit of 7954689?
7
What is the units digit of 20244?
4
What is the tens digit of 131031?
3
What is the thousands digit of 32481447?
1
What is the hundreds digit of 3851713?
7
What is the ten thousands digit of 336682?
3
What is the ten millions digit of 12461367?
1
What is the thousands digit of 8440385?
0
What is the units digit of 8754596?
6
What is the tens digit of 1391429?
2
What is the thousands digit of 282731?
2
What is the millions digit of 1430683?
1
What is the thousands digit of 4068002?
8
What is the hundred thousands digit of 229279?
2
What is the units digit of 3883353?
3
What is the thousands digit of 582826?
2
What is the units digit of 1283511?
1
What is the hundred thousands digit of 25374879?
3
What is the thousands digit of 192976?
2
What is the tens digit of 318407?
0
What is the tens digit of 265767?
6
What is the hundreds digit of 34415?
4
What is the tens digit of 568669?
6
What is the units digit of 3594296?
6
What is the ten thousands digit of 179231?
7
What is the hundreds digit of 69176?
1
What is the ten thousands digit of 1177239?
7
What is the hundred thousands digit of 317799?
3
What is the tens digit of 10335361?
6
What is the hundreds digit of 1277015?
0
What is the units digit of 13135?
5
What is the tens digit of 1458966?
6
What is the hundreds digit of 2468330?
3
What is the thousands digit of 49759?
9
